h be (-10)/y*(-24)/15. Suppose -5*x + h*f = 3*f - 30, -2*f = 10. What is the units digit of x?
5
Let t(i) = -23*i**3 + 1. Suppose -3*n - 5 = -2. What is the tens digit of t(n)?
2
Let k(a) = 6*a**3 - a**2. Let j be k(1). Suppose -32 = -x - j*w, 5*w = -2*x - 3*x + 160. Suppose 0 = -2*p - 8 + x. What is the units digit of p?
2
Suppose 4*f + 28 = 4. Let z = f - -29. What is the tens digit of z?
2
Suppose 6*j = 5*u + j - 120, -u + 39 = 2*j. What is the units digit of u?
9
Let s(t) = -4*t - 3. Let l be s(-3). Let u(y) = 8 - y**2 + l*y + 1 + 2*y**2. What is the units digit of u(-9)?
9
Let k = 136 - 89. What is the tens digit of k?
4
Let v = -2 - -72. What is the units digit of v?
0
Let w = 4 - 1. Suppose -6*x + 2*s + 20 = -w*x, -x = s. What is the units digit of ((-40)/(-15))/(x/18)?
2
Let x(g) = -2*g - 6. Suppose 4*s + 0*s = -28. What is the units digit of x(s)?
8
Let u(t) be the second derivative of t**3/6 + 3*t**2/2 - 2*t. Suppose 5*s - 26 = -r, -4*s + 3*r + 13 + 4 = 0. What is the units digit of u(s)?
8
Let z be ((-5)/(-5))/(2/(-4)). Let w be z/(-3) + 4/12. Let j = w - -3. What is the units digit of j?
4
What is the units digit of (-14)/(-56)*(-136)/(-2)?
7
Let l(f) = f**2 - 5*f + 6. Let n be l(5). Let p(u) = 4*u - 4 - 7*u**2 + 2*u + n*u**2. What is the units digit of p(4)?
4
Let q be (2/(-3))/((-2)/75). Let t = q + -18. What is the units digit of t?
7
Suppose -3*d + 2*d - 5*s + 13 = 0, -5*d - 5*s + 25 = 0. Suppose 5*k - k = -p + 13, 4*k + 7 = d*p. What is the units digit of k?
2
Let f(t) = 2*t**2 + t - 4. Let z be f(2). Let l(b) be the first derivative of b**4/4 - 5*b**3/3 - 5*b**2/2 + b + 1. What is the units digit of l(z)?
7
Let v(x) = -2*x + 2*x + 2 + 2*x. Let o be v(4). Suppose -j = 3*p - 16, 0 = -3*j + p + o - 2. What is the units digit of j?
4
Suppose 0 = 2*y - 164 + 30. Suppose 4*m - 45 = y. What is the tens digit of m?
2
Suppose 4*q + 2*g = 32, -4*g - 16 = -2*q - 3*g. What is the units digit of q?
8
Suppose 6*b - 6 = 48. What is the units digit of b?
9
Let x be 5/(-15) - (-14)/6. Suppose 5*a - 4*i + 15 = 0, i - 2 = a + x. What is the units digit of a?
1
Let q = -11 - -157. What is the tens digit of q?
4
Let r = -37 - -68. What is the tens digit of r?
3
Suppose 2*f - 4*f - 5*m = -38, 3*f = -4*m + 43. What is the units digit of f?
9
Suppose x - 2*x = 4. Let u be (-8)/x*(-10)/(-4). What is the units digit of (0 + -1)/((-1)/u)?
5
Let i be 4/((0 - -2) + -1). What is the units digit of i/(-3)*(-30)/2?
0
Let d = 211 + 12. What is the tens digit of d?
2
Let z(v) = -v**3 - 2*v**2 - 2*v + 1. Let k be z(-2). Let r = 12 + k. What is the units digit of r?
7
Let i(u) = u**2 + 9*u + 3. Let h be i(-8). Let c be h/(-2)*12/15. Suppose 0*t - c*z = 5*t - 48, z = 3*t - 31. What is the tens digit of t?
1
Let b(q) = -3*q**3 - 12*q**2 - 14*q + 1. Let m(x) = x**3 + x**2 + x + 1. Let z(v) = -b(v) - 4*m(v). What is the units digit of z(9)?
4
Let o(v) = 4*v - 12. Let y be o(8). Suppose 2*p = 6*p - y. Let s(g) = 2*g + 2. What is the tens digit of s(p)?
1
Let n(u) = -8*u + 3. Let l be n(-4). What is the units digit of l/25 + 2/(-5)?
1
Let l(r) = -r**3 + 9*r**2 - 4*r - 9. Let x be l(8). Let p = x + -21. What is the units digit of p?
2
What is the units digit of (-1 + 0)/((-6)/228)?
8
Let d = 80 - 115. Let h = -19 - d. What is the tens digit of h?
1
Let r be (-4 - -3) + 5 + -2. Suppose 4*b - r*b = -20. Let h = b + 18. What is the units digit of h?
8
Let l be 5*((-9)/(-15) - -3). Let s = 30 - l. What is the tens digit of s?
1
Let j be (11 + 4)*4/10. Suppose -3*m + m = j. Let x = m - -7. What is the units digit of x?
4
Let k(r) = r**2 + 7*r - 6. Let w be k(-8). What is the units digit of 10 + (w - 5) + -2?
5
What is the units digit of 3 + 6 + (-16)/4?
5
Let g(u) = -u**2 - 9. Let r be g(0). Let a(k) = k**3 + 4*k**2 - 2*k - 3. Let f be a(-5). Let z = r - f. What is the units digit of z?
9
Suppose 2*q + 3*w + 2 = 0, -5*q + w = 5*w + 5. What is the units digit of (3 - 6)*q*3?
9
Let u(g) = 4*g + 1. Let z be u(1). Suppose -z*c - 134 = -3*c. What is the units digit of c/(-6) + 1/(-6)?
1
Let n = 145 - 112. What is the tens digit of n?
3
Let c be 19 + (-3 + 2)/(-1). Suppose 0*m - c = -4*m. Suppose m*b - 40 = -3*o, 4*o - 30 - 12 = -b. What is the units digit of o?
0
Let i(b) = b**2 + 7*b + 8. Let x(a) = a**2 + 6*a + 8. Let d(h) = -5*i(h) + 4*x(h). What is the units digit of d(-8)?
6
Let r = 24 + -12. What is the tens digit of r?
1
Suppose -3*o + 125 = -t, 65 = o - t - 4*t. Suppose 3*v + 2*v - o = 0. Suppose -v - 2 = -2*h. What is the units digit of h?
5
Let c = -17 + 31. What is the units digit of c?
4
What is the units digit of 427/49 - (-6)/21?
9
Let q be 3*(2 + 15/(-9)). Let k = q + -1. Suppose -3*g + 21 = -k*g. What is the units digit of g?
7
Let v(j) = -3*j - 4. Let s = 4 - 1. Suppose 0 = 5*x + 10, -u - s = x + 3. What is the units digit of v(u)?
8
Let h(y) = -7*y - 2. Let f be h(-2). Let s = 22 - f. What is the tens digit of s?
1
Let v = 4 + -6. What is the units digit of (-1)/(-3)*(v - -17)?
5
Suppose -4 - 36 = 4*m. Let u(j) = -2 - 10*j + 3*j**2 + 0*j**2 - 4*j**2 + 3. What is the units digit of u(m)?
1
Let r = 2 - 2. Suppose r = 5*l - 15, -5*j + 2*l = -1 + 2. What is the units digit of j?
1
Suppose 6*b - 4*b - 4 = 0. What is the units digit of b + (3 + -2)/1?
3
Suppose -2*t + 6*t - 18 = -5*p, 0 = 3*t - 3*p. Suppose -15 = -t*s + 9. What is the units digit of s?
2
Let m(r) = -2*r**3 - 45*r**2 - 21*r + 34. Let n be m(-22). Let x = -5 + 7. Suppose -x*l + n = -12. What is the tens digit of l?
1
Let p(x) = -x**2 + 6*x - 1. Suppose -8 + 24 = 4*u + 2*v, u - 3 = -v. What is the units digit of p(u)?
4
Let k(w) = 62*w - 2. Let l be k(-2). Let f = l - -225. What is the tens digit of ((-2)/(-6))/(3/f)?
1
Let t(x) = x**2 - 1 + 2*x**3 + x**3 + 2*x**2 - 4*x**3. Let l be t(4). Let w = l + 33. What is the units digit of w?
6
What is the units digit of (-534)/(-9) + -1 + (-5)/15?
8
Let a(y) = -2*y + 9. What is the tens digit of a(-6)?
2
Let o(f) = f**3 - 4*f**2 + 4*f. Let d be o(4). Let q(v) = -v + 24. Let w be q(0). Let a = w - d. What is the units digit of a?
8
Suppose 0 = 2*u - 7*u + 185. What is the tens digit of u?
3
What is the tens digit of 3/6 - 207/(-6)?
3
Let c be (-208)/(-10) - 1/(-5). Let f = c - 9. What is the tens digit of f?
1
Suppose -41 = -4*d + 5*x, -2*d + 2*x - 7*x = 17. What is the units digit of d?
4
Let o = 18 + -12. Suppose -4*z - 5*g = -61, -o*z + z = 5*g - 70. What is the units digit of z?
9
Let b(y) = y**3 + y**2 + 4. Let h be b(0). Suppose h*v + q + 4 - 6 = 0, -5*v - q + 3 = 0. Suppose v = 5*i - 4. What is the units digit of i?
1
Let p(h) = 9*h**2 + h + 1. Let i be p(-1). Let f = 4 + i. What is the units digit of f?
3
Let j(b) = -9*b - 3. Let i(o) = -4*o - 2. Let t(z) = 7*i(z) - 3*j(z). Let q be t(5). Let w(p) = p + 14. What is the units digit of w(q)?
4
Let s be -4 + 94 - (-2 - -1). Suppose 2*b - 5*u = -1, 0 = 4*b + 3*u + 28 - s. What is the tens digit of b?
1
Suppose 55*w = 57*w - 572. What is the units digit of w?
6
Let t = -965 + 1379. What is the hundreds digit of t?
4
Let w(n) = 15*n - 3. Let x(l) = 16*l - 4. Let a(h) = -6*w(h) + 5*x(h). Let y be a(-7). Suppose 0 = -6*j + 2*j + y. What is the tens digit of j?
1
Let r(c) be the third derivative of -c**6/360 - c**5/120 - c**4/24 + 2*c**2. Let v(g) be the second derivative of r(g). What is the units digit of v(-2)?
3
Let v = -4 + 10. Let q be (-4)/v - 8/(-3). Suppose -3*k = 2*h - 58, 6*h - 20 = q*h. What is the tens digit of k?
1
Suppose 20 = -2*d + 5*q, 8 = -d + 4*q - q. Let c be 3/(15/(-14))*-10. Let t = d + c. What is the units digit of t?
8
Let l = -2 - -1. Let f(x) = -11*x - 3. Let c(a) = -6*a - 1. Let p(j) = 5*c(j) - 2*f(j). What is the units digit of p(l)?
9
Let d(x) = -x**3 - 8*x**2 - 9*x + 1. Suppose b + 1 = -0. Let i be (-3)/6*(-14)/b. What is the units digit of d(i)?
5
Let x(m) = -3*m**2 + 4*m**2 + 0*m**2 - 4 + 4*m. What is the units digit of x(-5)?
1
What is the units digit of 44 - (4 + -4 + 3)?
1
Suppose -86 = 8*p - 10*p. What is the tens digit of p?
4
Suppose d - 22 - 12 = 0. What is the tens digit of d?
3
Suppose -5*o - 20 = -5*k, 0*o + 4*o + 14 = 3*k. Suppose -k*p - s + 40 = -29, -3*s = p - 32. What is the tens digit of p?
3
Let x be 1 + 6 + 16/(-8). Suppose -x = -p + 4*a + 1, a = 1. What is 